{"id":102,"date":"2021-11-25T13:08:49","date_gmt":"2021-11-25T16:08:49","guid":{"rendered":"https:\/\/concoop.coop.br\/?page_id=102"},"modified":"2021-11-25T13:08:51","modified_gmt":"2021-11-25T16:08:51","slug":"nossa-historia","status":"publish","type":"page","link":"https:\/\/concoop.coop.br\/index.php\/nossa-historia\/","title":{"rendered":"Nossa Hist\u00f3ria"},"content":{"rendered":"<p>[et_pb_section fb_built=&#8221;1&#8243; _builder_version=&#8221;4.10.5&#8243; _module_preset=&#8221;default&#8221; background_color=&#8221;#59A388&#8243; hover_enabled=&#8221;0&#8243; sticky_enabled=&#8221;0&#8243;][et_pb_row _builder_version=&#8221;4.10.5&#8243; _module_preset=&#8221;default&#8221;][et_pb_column _builder_version=&#8221;4.10.5&#8243; _module_preset=&#8221;default&#8221; type=&#8221;4_4&#8243;][et_pb_text _builder_version=&#8221;4.10.5&#8243; _module_preset=&#8221;default&#8221; hover_enabled=&#8221;0&#8243; sticky_enabled=&#8221;0&#8243; header_text_color=&#8221;#FFFFFF&#8221;]<\/p>\n<h1>Nossa Hist\u00f3ria<\/h1>\n<p>[\/et_pb_text][\/et_pb_column][\/et_pb_row][\/et_pb_section][et_pb_section fb_built=&#8221;1&#8243; _builder_version=&#8221;4.10.5&#8243; _module_preset=&#8221;default&#8221;][et_pb_row _builder_version=&#8221;4.10.5&#8243; _module_preset=&#8221;default&#8221;][et_pb_column _builder_version=&#8221;4.10.5&#8243; _module_preset=&#8221;default&#8221; type=&#8221;4_4&#8243;][et_pb_text _builder_version=&#8221;4.10.5&#8243; _module_preset=&#8221;default&#8221; text_orientation=&#8221;justified&#8221; header_3_text_color=&#8221;#2D6547&#8243; hover_enabled=&#8221;0&#8243; sticky_enabled=&#8221;0&#8243;]<\/p>\n<p>Fundada em 1998, a Cooperativa M\u00e9dica e Especialidades Afins teve seu nome alterado em 2014 para Cooperativa de M\u00e9dicos Concoop. Com mais de 20 anos de atua\u00e7\u00e3o no mercado cooperativista, a Concoop foi criada inicialmente para realizar o faturamento do honor\u00e1rio m\u00e9dicos do Complexo Hospital S\u00e3o Francisco de Assis.<\/p>\n<p>Sempre trabalhando com o objetivo de valorizar o trabalho de seus cooperados, a Concoop ampliou sua atua\u00e7\u00e3o e, atualmente, realiza tamb\u00e9m o faturamento de contas m\u00e9dicos do Instituto de Otorrino de Minas Gerias.<\/p>\n<p>Hoje, a Concoop re\u00fane em torno de 400 cooperados, com atendimento na rede SUS e privada, em diversas especialidades.<\/p>\n<p>&nbsp;<\/p>\n<h3>Nosso objetivo:<\/h3>\n<p>Defesa econ\u00f4mica e social do trabalho de seus cooperados, profissionais liberais e aut\u00f4nomos, oferecendo excel\u00eancia nos servi\u00e7os prestados e efici\u00eancia na gest\u00e3o administrativa e financeira, com confian\u00e7a, transpar\u00eancia e agilidade. <\/p>\n<p>[\/et_pb_text][\/et_pb_column][\/et_pb_row][\/et_pb_section][et_pb_section fb_built=&#8221;1&#8243; _builder_version=&#8221;4.10.5&#8243; _module_preset=&#8221;default&#8221; background_color=&#8221;#91cda0&#8243; global_colors_info=&#8221;{}&#8221; global_module=&#8221;97&#8243;][et_pb_row column_structure=&#8221;1_3,1_3,1_3&#8243; _builder_version=&#8221;4.10.5&#8243; _module_preset=&#8221;default&#8221; global_colors_info=&#8221;{}&#8221;][et_pb_column type=&#8221;1_3&#8243; _builder_version=&#8221;4.10.5&#8243; _module_preset=&#8221;default&#8221; global_colors_info=&#8221;{}&#8221;][et_pb_text _builder_version=&#8221;4.10.5&#8243; _module_preset=&#8221;default&#8221; text_text_color=&#8221;#FFFFFF&#8221; header_3_font=&#8221;|||on|||||&#8221; header_3_text_color=&#8221;#FFFFFF&#8221; header_3_font_size=&#8221;20px&#8221; global_colors_info=&#8221;{}&#8221;]<\/p>\n<h3>Seja um cooperado<\/h3>\n<p>Seja nosso cooperado e utilizar todos os benef\u00edcios que voc\u00ea pode precisar.<\/p>\n<p>[\/et_pb_text][et_pb_button button_text=&#8221;CADASTRE-SE&#8221; _builder_version=&#8221;4.10.5&#8243; _module_preset=&#8221;default&#8221; custom_button=&#8221;on&#8221; button_text_size=&#8221;16px&#8221; button_text_color=&#8221;#2D6547&#8243; button_bg_color=&#8221;#FFFFFF&#8221; button_border_width=&#8221;1px&#8221; button_border_color=&#8221;#2D6547&#8243; button_border_radius=&#8221;30px&#8221; button_use_icon=&#8221;off&#8221; global_colors_info=&#8221;{}&#8221;][\/et_pb_button][\/et_pb_column][et_pb_column type=&#8221;1_3&#8243; _builder_version=&#8221;4.10.5&#8243; _module_preset=&#8221;default&#8221; global_colors_info=&#8221;{}&#8221;][et_pb_text _builder_version=&#8221;4.10.5&#8243; _module_preset=&#8221;default&#8221; text_text_color=&#8221;#FFFFFF&#8221; header_3_font=&#8221;|||on|||||&#8221; header_3_text_color=&#8221;#FFFFFF&#8221; header_3_font_size=&#8221;20px&#8221; global_colors_info=&#8221;{}&#8221;]<\/p>\n<h3>Endere\u00e7o<\/h3>\n<p>Rua Juru\u00e1, 50 &#8211; loja 08, Bairro da Gra\u00e7a, <br \/>Belo Horizonte \u2013 Minas Gerais <br \/>CEP: 31140-020<\/p>\n<p>[\/et_pb_text][et_pb_text _builder_version=&#8221;4.10.5&#8243; _module_preset=&#8221;default&#8221; text_text_color=&#8221;#FFFFFF&#8221; header_3_font=&#8221;|||on|||||&#8221; header_3_text_color=&#8221;#FFFFFF&#8221; header_3_font_size=&#8221;20px&#8221; global_colors_info=&#8221;{}&#8221;]<\/p>\n<h3>Hor\u00e1rio de funcionamento<\/h3>\n<p><strong>Segunda a sexta-feira:<\/strong> 8h \u00e0s 17h<br \/><strong>Fechado no hor\u00e1rio de almo\u00e7o:<\/strong> 12h \u00e0s 13h<\/p>\n<p>[\/et_pb_text][\/et_pb_column][et_pb_column type=&#8221;1_3&#8243; _builder_version=&#8221;4.10.5&#8243; _module_preset=&#8221;default&#8221; global_colors_info=&#8221;{}&#8221;][et_pb_text _builder_version=&#8221;4.10.5&#8243; _module_preset=&#8221;default&#8221; text_text_color=&#8221;#FFFFFF&#8221; link_font=&#8221;|600|||||||&#8221; link_text_color=&#8221;#FFFFFF&#8221; header_2_font=&#8221;|600|||||||&#8221; header_2_text_color=&#8221;#FFFFFF&#8221; header_3_font=&#8221;|||on|||||&#8221; header_3_text_color=&#8221;#FFFFFF&#8221; header_3_font_size=&#8221;20px&#8221; global_colors_info=&#8221;{}&#8221;]<\/p>\n<h3>Central de atendimento<\/h3>\n<h2><a href=\"tel:3125104144\"><img loading=\"lazy\" decoding=\"async\" class=\"wp-image-57 alignnone size-full\" src=\"https:\/\/concoop.coop.br\/wp-content\/uploads\/2021\/11\/telefone.png\" alt=\"\" width=\"20\" height=\"20\" \/>\u00a031 2510-4144<\/a><\/h2>\n<p><strong>E-mail:<\/strong> <a href=\"mailto:contato@concoop.com.br\">contato@concoop.com.br<\/a><\/p>\n<p>[\/et_pb_text][\/et_pb_column][\/et_pb_row][\/et_pb_section]<\/p>\n","protected":false},"excerpt":{"rendered":"<p>Nossa Hist\u00f3riaFundada em 1998, a Cooperativa M\u00e9dica e Especialidades Afins teve seu nome alterado em 2014 para Cooperativa de M\u00e9dicos Concoop. Com mais de 20 anos de atua\u00e7\u00e3o no mercado cooperativista, a Concoop foi criada inicialmente para realizar o faturamento do honor\u00e1rio m\u00e9dicos do Complexo Hospital S\u00e3o Francisco de Assis. Sempre trabalhando com o objetivo [&hellip;]<\/p>\n","protected":false},"author":1,"featured_media":0,"parent":0,"menu_order":0,"comment_status":"closed","ping_status":"closed","template":"","meta":{"_et_pb_use_builder":"on","_et_pb_old_content":"","_et_gb_content_width":"","footnotes":""},"class_list":["post-102","page","type-page","status-publish","hentry"],"_links":{"self":[{"href":"https:\/\/concoop.coop.br\/index.php\/wp-json\/wp\/v2\/pages\/102","targetHints":{"allow":["GET"]}}],"collection":[{"href":"https:\/\/concoop.coop.br\/index.php\/wp-json\/wp\/v2\/pages"}],"about":[{"href":"https:\/\/concoop.coop.br\/index.php\/wp-json\/wp\/v2\/types\/page"}],"author":[{"embeddable":true,"href":"https:\/\/concoop.coop.br\/index.php\/wp-json\/wp\/v2\/users\/1"}],"replies":[{"embeddable":true,"href":"https:\/\/concoop.coop.br\/index.php\/wp-json\/wp\/v2\/comments?post=102"}],"version-history":[{"count":2,"href":"https:\/\/concoop.coop.br\/index.php\/wp-json\/wp\/v2\/pages\/102\/revisions"}],"predecessor-version":[{"id":105,"href":"https:\/\/concoop.coop.br\/index.php\/wp-json\/wp\/v2\/pages\/102\/revisions\/105"}],"wp:attachment":[{"href":"https:\/\/concoop.coop.br\/index.php\/wp-json\/wp\/v2\/media?parent=102"}],"curies":[{"name":"wp","href":"https:\/\/api.w.org\/{rel}","templated":true}]}}